) = -b + 1. Let j be y(2). Is 1/(j/m*3) a prime number?
False
Suppose 0 = 2*w - 743 - 99. Suppose -2*h - 2*h = c + 839, -2*h + c = w. Let q = -91 - h. Is q prime?
False
Let g(t) = 2*t + 9. Let o be 97 + (0 - -1) + -4. Let c be (-1)/(-4) + o/8. Is g(c) composite?
True
Suppose 0 = 2*j + 13*j - 314385. Is j a composite number?
False
Let o be (-5)/(5/(-3)) - -24. Suppose -m + 128 + o = 0. Let a = 92 + m. Is a prime?
False
Suppose 4821 = 4*v - 443. Suppose -5*h = 3*r - 1013, r + 2*h + v = 5*r. Is r a prime number?
True
Let w be ((-12)/(-14))/((-18)/504). Let k = -26 - w. Is ((-1156)/(-6))/(k/(-3)) a prime number?
False
Is 10301*1 + (139 - 139) composite?
False
Is 331755/99 + 12/(-198) a composite number?
True
Suppose 3*z - 2*j - 33545 = 0, 0 = 2*z + 2*j - 8642 - 13718. Is z prime?
False
Let x(z) = 1595*z**2 + 2*z - 27. Is x(4) a prime number?
False
Let u(r) = 97*r**2 + 11*r - 12. Let g be u(3). Let l = 15 + -10. Suppose -3*d - g = -5*c - 4*d, l*c - 5*d = 900. Is c a prime number?
True
Suppose 0 = -4*m + 53 + 107. Is ((-4)/6 - -1)/(m/24360) a composite number?
True
Suppose -1980 = -c - 2*x, 4*c + 7908 = 8*c + 4*x. Is c + (3 + -4 - (0 + -4)) prime?
False
Let u = 22 + 6. Let b(i) = 13 + u*i - 3 + 1. Is b(9) a composite number?
False
Let j(v) = -294*v**2 - 27*v + 14. Let t be j(-12). Is t/(-18) - (-2)/(-9) prime?
True
Is ((-74)/(-4))/((-18123)/(-9058) - 2) prime?
False
Let u(j) = j - 14. Let h be u(16). Suppose -26 = h*y - 68. Is y a composite number?
True
Let z be 3/2*(11 + -9). Suppose -v = -z*s + s + 9417, 2*s - 2*v - 9416 = 0. Is s prime?
False
Let h(c) = 2*c**2 + 27*c - 18. Let a be 3/(5 + 4)*-57. Is h(a) a prime number?
True
Suppose 7 = 5*c - 8. Suppose 2*h + 83 = c*h. Is h prime?
True
Suppose 160812 + 105143 = 43*y. Is y a prime number?
False
Let o be 2/((-7)/((-189)/6)). Is (-1639)/(-1) - (-5 + o - 2) composite?
False
Let o = 73 + -34. Let j = o + -22. Suppose 2 = i - j. Is i a composite number?
False
Suppose 2*x + 2*d = 4*d + 10, -2*x + 1 = d. Let a = -2 + x. Suppose a = -4*k - 4*j + 508, 2*k - 7*j - 254 = -2*j. Is k a composite number?
False
Is (27670/(-25))/(-6*(-4)/(-60)) a prime number?
True
Let l(j) = j**2 - 7*j + 12. Let m be l(5). Suppose -30 = -3*q - 2*x, m*q - 34 + 9 = -3*x. Suppose q*r - 5*r = 174. Is r composite?
True
Suppose 0*r + 18 = 3*r. Let a = 10 - r. Suppose -32 = -a*g + 2*j + 44, -3*j = 0. Is g prime?
True
Suppose -3*f = 5*r + 40, 0*r = 2*r - 3*f - 5. Let p(k) = -314*k - 11. Is p(r) prime?
True
Let q(r) = 8899*r - 10. Let o be q(1). Let f = -5068 + o. Is f a prime number?
True
Let i be (-1)/((-36)/(-8) + -4). Is (0 - (-2)/i) + 866 a prime number?
False
Suppose -2*v = 5*p - 73684, -3 = 3*p + 3. Is v prime?
True
Is 3/4 + (-96740)/(-32)*2 a prime number?
True
Let s be (5/1 + -4)*6. Suppose -s*y + 10737 = -3381. Is y composite?
True
Suppose -448 = -2*x - 4*v, -3*x - 194 = -4*x + 4*v. Suppose -x = -5*b + 71. Is b a prime number?
False
Let b = 35 - -720. Is b prime?
False
Let h(i) be the first derivative of -7*i**2/2 + 19*i + 16. Is h(-12) a prime number?
True
Let l be 0/((-3)/(-3) + -3) + 6603. Suppose 11*z = 41984 + l. Is z a composite number?
True
Let d be 2/10 + 38/10. Suppose 335 = d*z + 1779. Let g = -200 - z. Is g prime?
False
Suppose 7*y - 90 = y. Suppose 0 = -3*j - 3*k + 9321, y = -5*k + 5. Is j a prime number?
True
Let s(z) = 14*z + 5. Let f be 4*(-3 - 51/(-12)). Suppose 0 = -2*k - 3*d, -f*k + 6*d + 42 = 3*d. Is s(k) composite?
False
Suppose -3*w = -2*x + 2, 2*w - 1 = -0*x - x. Is (-297)/(x - 2) - -2 a composite number?
True
Suppose a + 0 = 3. Suppose 0 = -a*i - 37 - 23. Is (-1585)/i + (-1)/4 a composite number?
False
Let r = -4266 - -17083. Is r a composite number?
True
Let w be -3*19485/(-25) - (-1)/(-5). Suppose -5*p = 443 - w. Is p composite?
False
Let c(h) = 87*h - 13. Let o be c(9). Suppose 5*t - o = -5*z, 4*t - 3*t = -5*z + 770. Let y = 331 - z. Is y prime?
False
Suppose 21*k - 920 = -19*k. Suppose -1 = -2*c - 5. Is k + 1/c*0 a prime number?
True
Let p = 43832 - -11677. Is p prime?
False
Let s(u) = u**2 - 3*u - 51. Is s(-10) prime?
True
Suppose 2*h = a - 39, 0*h + 4*a = -3*h - 64. Let k = h + 75. Is k a composite number?
True
Let z(w) = -5*w**2 + 1. Let j(u) = -15*u**2 + 3. Let v(q) = 6*j(q) - 17*z(q). Let i be v(-1). Let r(m) = 9*m**2 + 3*m - 5. Is r(i) a prime number?
True
Let s(t) = -t + 8. Let v be s(7). Let o be 14 + v + -7 + 10. Is 2/6 + 1326/o a composite number?
True
Suppose -4*p + 2*p = -r - 8308, 0 = 2*r. Suppose 1438 = -4*y + p. Is y a composite number?
True
Let q(w) = 0*w + w + 18*w**2 - 3 + 54*w**2 - 19*w**2. Is q(2) prime?
True
Suppose 42*h + 20 = 46*h. Suppose -3*q - h*m = -2994, -2*q + 7*q - m - 4990 = 0. Is q composite?
True
Let y(x) = -x**3 + 14*x**2 - 14*x + 7. Let g be y(11). Let l = -89 + g. Is l a composite number?
False
Suppose -7*b + 12*b = -30. Is 79*(-2)/4*b/3 a composite number?
False
Let j(g) = g - 9. Let l be j(4). Let w(b) = 84*b**2 + 6*b + 31. Is w(l) a composite number?
True
Let k be 986/(-10) + (-45)/(-75). Is k/21*(-681)/2 composite?
True
Let y(a) = -25*a - 63. Is y(-26) prime?
True
Suppose 20 = i + 4*i - 4*g, -i - 4*g = 20. Let o be (-237 + i)/((-6)/(-8)). Let k = o + 583. Is k prime?
False
Suppose 0*a = -5*a + 20. Suppose -2*x - 1124 = -a*v + x, 2*v + 2*x - 548 = 0. Is v composite?
True
Let y(f) = 2*f**2 + 15*f - 1. Let l(j) = 5*j**2 + 29*j - 3. Let m(x) = 6*l(x) - 11*y(x). Is m(4) prime?
True
Suppose o + 241233 = 77*y - 75*y, -3*o - 603082 = -5*y. Is y prime?
False
Let o = 27274 - 11217. Is o composite?
False
Suppose -2*d = -6*s + s - 16, -d = -5*s - 18. Let t(l) = -54*l**3 - 3*l**2 - 4*l - 1. Let f be t(d). Suppose 2*h + 452 = -2*z + 4*z, f = 2*z + 3*h. Is z prime?
False
Suppose 31*o = 67479 - 2317. Is o a prime number?
False
Let k = 18 - -126. Is 2/(-9) + 420656/k composite?
True
Suppose 14163 = j - v + 6*v, -4*j = -3*v - 56537. Is j composite?
True
Suppose 0 = -5*k - 2*z - 1878, 0 = -z + 2 - 1. Let u = 55 + k. Let v = -142 - u. Is v a composite number?
False
Let w be 1611/9 + 1/1*-1. Let v = -73 - -10. Let k = w + v. Is k a prime number?
False
Let r(y) = -y**2 + 8*y - 3. Let d be r(6). Let k = d - 17. Let w(i) = -52*i - 3. Is w(k) prime?
False
Suppose 7*r = -r + 1240. Suppose 0 = -2*t - 2*v + 950, -v - 2373 = -5*t - 4*v. Suppose -c + t + r = 0. Is c a composite number?
True
Let v be 90/(-27)*6/5. Let l = 4 + v. Suppose l = a - 88 - 61. Is a composite?
False
Let k = 10 - 9. Let h = k + 2. Is (0 - h/3) + 78 a composite number?
True
Let m be (78/30)/(2/10). Suppose 4*x - 111 = m. Is x composite?
False
Let w(s) = -s**2 + s - 1. Let n(j) = 41*j**2 + 21*j - 14. Let p(b) = n(b) - 6*w(b). Is p(6) prime?
False
Suppose -2*l + l - 2*j + 81 = 0, -4*l = 4*j - 324. Suppose -1130 = -b - l. Is b a prime number?
True
Suppose -3*w + 6 = 26*p - 31*p, -p - 5*w = -10. Let r(k) = 457*k. Let x be r(1). Suppose -5*m + 1792 - x = p. Is m a composite number?
True
Let h = 4 + 1. Suppose -i - 3*i + 2*v - 384 = 0, -5*i - h*v - 510 = 0. Let z = i + 167. Is z a composite number?
True
Let c = 37525 + -19980. Is (c/(-100) + 2/10)*-4 a prime number?
True
Let q be -5*((-1)/(-1) - 0). Let f be 930/8 - q/(-20). Suppose 0 = 3*r - f - 331. Is r a composite number?
False
Suppose z - 215 = -a, -a = -4*z - 112 - 83. Is a composite?
False
Let r(u) = 1392*u + 293. Is r(7) a composite number?
False
Suppose -2*x + 54250 = -3*i, -i - 54226 = -2*x - 4*i. Is x composite?
True
Let a(v) = 2*v + 15. Let o be a(-5). Suppose -o*n = 5*m - 7560, -n - m = 4*n - 7556. Is n a composite number?
False
Let k(f) = 8668*f - 5. Is k(1) prime?
True
Let b = -433 - -164. Let u = 1097 - 707. Let q = u + b. Is q composite?
True
Suppose 43127 + 88308 = 5*z. Is z a prime number?
False
Let v(s) = 16*s**2 + s - 1. Let p be v(1). Suppose p = -3*r + 2*r - 3*b, 5*r = 2*b - 46. Is (-1 + 66)/(r/(-10)) composite?
True
Let n(m) = 275*m**2 - 14*m - 4. Is n(-5) a prime number?
False
Suppose -24*v + 33592 = -132320. Is v composite?
True
Let t(q) = 0*q - 3*q + 58*q**2 + 12 - 2*q. Is t(5) a prime number?
False
Let b = 17 - 12. Suppose -x - 2*a = 7, b*a - 3*a + 6 = 0. Is (-1)/x*1*19 a prime number?
True
Suppose q = 2*w - 14903, -2*w + 6*w = 3*q + 29809. Suppose 26*f - 16*f = w. Is f a composite number?
True
Let m(l) = l**3 + 5*l**2 - 2*l - 4. Let h be (-2